(y). What is the tens digit of z(-3)?
2
Suppose -10*q + 7*q + 294 = 0. Suppose 4*k - 230 = q. What is the tens digit of k?
8
Suppose 22*x + 2916 = 25*x. What is the units digit of x?
2
Let k(b) = 10 - 33 + 15 + 4*b. Let n be k(6). What is the units digit of ((-14)/8)/((-4)/n)?
7
Let p = -12 + 18. Let b(y) be the first derivative of y**2 + y + 60. What is the units digit of b(p)?
3
Let b(o) = 2*o**3 - o + 29. Let t be b(0). Suppose 5*y - 722 = 4*k, 0 = y + 5*k + t - 185. What is the hundreds digit of y?
1
Suppose 0 = -8*v + 2428 + 1524. What is the tens digit of v?
9
What is the hundreds digit of (-3 - 60/12)*-154?
2
Let i(o) = 4*o**2 + 9*o + 1. Let s be i(8). Suppose s = 4*w - 975. Suppose 4*c - 262 = -2*n, -n = 6*c - c - w. What is the tens digit of c?
6
Suppose -2*w - 4*d + 1332 = 0, -4*w - 3*d + 2674 = -0*w. What is the tens digit of w?
7
Let k = 684 + 680. What is the tens digit of k?
6
Suppose 0 = -162*t + 165*t + 3. Let u(d) = -160*d**3 - d**2 - 2*d - 2. What is the tens digit of u(t)?
5
Let x be ((-10)/(-8))/((-1)/(-4)). Let d = -66 + 73. Suppose 2 = -x*a + d*a. What is the units digit of a?
1
Let r(v) = 5*v**2 - 6*v + 40. What is the tens digit of r(3)?
6
Let r(k) = 0*k - 13*k - 7*k + 11. What is the units digit of r(-5)?
1
Let a(v) = 84*v**2 + 2. Let n be a(-1). Let q = 99 - n. What is the tens digit of q?
1
Let j be 3/(3/11) + -11 + 9. Suppose 0 = -m + j*m - 248. What is the tens digit of m?
3
Let c(x) = x - 56. Let s(h) = -7. Let f(r) = 6*c(r) - 51*s(r). What is the units digit of f(13)?
9
Let s = 1 - 7. Let b be (-6)/(s/560*2). Suppose 0 = -t - 4*t + b. What is the units digit of t?
6
What is the tens digit of (-8)/12 + -7 + 144360/27?
3
Let n be 1/(3/33) - 4. Suppose m = n*m - 126. What is the tens digit of m?
2
Let t(m) = -m**2 + 8*m - 2. Suppose -36 = -3*r - 4*i, 0 = 3*i - 3 - 6. Let u be t(r). Let o = u - -5. What is the units digit of o?
3
Let x(l) = -291*l + 3. What is the units digit of x(-2)?
5
Suppose 2*h + 3*g = 518, 3*g - 518 = -2*h - g. What is the hundreds digit of h?
2
Suppose -5*q - 7 = 4*u + 8, q + 3 = -3*u. What is the tens digit of (u - -27)*(1 - 0)?
2
Let n = 16 - 11. Suppose 3*d + n*c = 6, -3*c = c. Suppose 32 = 4*g + d*f - 92, 3*g - 93 = 5*f. What is the tens digit of g?
3
Suppose 2525 = -59*d + 64*d. What is the units digit of d?
5
Let w(h) = -h**2 - 7*h + 12. Let c be w(-9). Let l = c - -11. Suppose -4*i = -2*i - 10, -80 = -l*u - i. What is the units digit of u?
5
Let k(r) = -r - 5. Let n be k(-5). Suppose -8*c + 11*c - 15 = n. What is the units digit of c?
5
Let h = 435 + -184. Let t = -97 + h. What is the tens digit of t?
5
Let x(a) = a**3 + 2*a + 64. Let i be x(0). Suppose 0 = b + 4*w - 70, -w = -2*b + 3*b - i. What is the tens digit of b?
6
Suppose 2*o + 5*n - 3992 = 0, 4*n = 31*o - 35*o + 7972. What is the units digit of o?
1
Suppose k + 6 = 4*k. Suppose -23 = -k*f + 5*s, -3*f - s = -59 - 18. What is the tens digit of f?
2
Let c be 1/1*5*1. Let j be (0/(-2))/(8 - 9) + 2. Suppose -c*p = -j*v - 79, 7*v - 2*v = 4*p - 70. What is the units digit of p?
5
Let k(u) = u**3 + 11*u**2 - 4*u. What is the units digit of k(-9)?
8
Let y(j) = -34*j**2 + 30*j**2 - j**3 + 0 - 2*j - 5 - 1. Let a be y(-4). Suppose -4*l + 39 = -5*s, 0 = -3*l - a*s - 2*s + 68. What is the units digit of l?
6
Let p(a) = -a**3 + 4*a**2 + 7*a + 1. Suppose -5*f = 2*j - 34 + 12, 5*j = -3*f + 17. Suppose -3*k - 5 = -f*k. What is the tens digit of p(k)?
1
Let u(b) = b**3 + 14*b**2 + 19*b - 16. Let t(k) = -k**2 - k + 1. Let s(o) = -5*t(o) - u(o). What is the units digit of s(-10)?
1
Suppose 33*d + 8 = 35*d. Suppose -3*x + 0*x + 2*n = -762, d*n = 4*x - 1016. What is the hundreds digit of x?
2
Suppose 4*v + 17 = 29. Suppose 4 = v*m - 32. What is the units digit of m?
2
Let k = -27 + 205. Let j = k + -91. What is the units digit of j?
7
Suppose 15*c - 866 - 4969 = 0. What is the tens digit of c?
8
Let x = -640 + 1654. What is the tens digit of x?
1
Let k(x) = x - 21. Let g be k(4). Let a(j) = 21*j**2 - j - 1. Let f be a(2). Let s = f + g. What is the tens digit of s?
6
Let c be (-5 + 4)/((-3)/108). What is the units digit of (-2)/(-9) + 3376/c?
4
Let z = 4526 + -2455. What is the tens digit of z?
7
Suppose 0 = -x - 20 + 2. What is the units digit of (35 + 1 + -2)*x/(-4)?
3
What is the hundreds digit of (-105952)/(-161) - 32/368?
6
Let k = -266 + 581. Suppose -4*f + f = -k. What is the hundreds digit of f?
1
Suppose -3*q = 5*o - 23, 0*o + 4*o + 2 = q. Suppose -h + 1 + 2 = 0. Suppose -43 = -h*g + 5*l, -g = 3*l + q + 3. What is the units digit of g?
6
Let m(b) = 7*b - 7. Let c be m(14). Let f = 146 - c. What is the tens digit of f?
5
Suppose 28347 = -7816*t + 7827*t. What is the tens digit of t?
7
Suppose -6*h + 16 = -2. Suppose -4*z = -7*z - k + 409, -5*z + 663 = -h*k. What is the units digit of z?
5
Let g = 254 - 53. Suppose 908 - g = 7*q. What is the tens digit of q?
0
Suppose 2*c - 280 = 484. What is the tens digit of c?
8
Let y be -3 + -9*2/(-6). Suppose y*p - 4*p + 84 = 0. What is the units digit of p?
1
What is the hundreds digit of ((-15)/12*2)/((-9)/558)?
1
What is the units digit of 30/(8/596 + 0) + -1?
4
Let l be -4 + 1/1*-1. Let o(p) = -p**3 - 3*p**2 + 3*p + 8. What is the units digit of o(l)?
3
Let d(u) = -163*u + 6. What is the units digit of d(-4)?
8
Let t(p) = 258*p - 6. Let l be t(1). What is the tens digit of ((-28)/(-42))/((2 + 0)/l)?
8
Let f(k) = 12*k**2 + 35*k - 7. What is the units digit of f(-7)?
6
What is the units digit of (-3)/(3 - 2) - -79 - -7?
3
Let z = 1184 + -66. What is the tens digit of z?
1
Suppose -4*u = -r + 1062, 4*u = 3*r - 2368 - 858. What is the units digit of r?
2
Let m(k) = -k**2 - k - 3. Let b be m(6). Let p be (-9)/b - 9/(-5). What is the tens digit of (-246)/(-6) - 0/p?
4
Suppose q - 188 = -3*q - 2*x, -q = -3*x - 33. Let z = -7 - -8. What is the units digit of (z/(-3))/((-1)/q)?
5
Let l(m) = -m**2 - m + 67. Let g = -31 - -31. What is the units digit of l(g)?
7
Suppose -53*t + 50*t + 126 = 0. Let v = -5 - -11. Suppose -v*i + t = -3*i. What is the units digit of i?
4
Let o(u) = 8*u - 2. Let t be o(2). Suppose -4*i = -4*a - 284, -a = i - t - 65. What is the tens digit of i?
7
Let s(z) = 29*z - 36. Let f be (-57)/(-11) - 2/11. What is the hundreds digit of s(f)?
1
Suppose -d + 7 = -g + 2*g, 3*d - 5*g + 19 = 0. Suppose a - d*a = 4*y - 6, a + 3 = -y. What is the units digit of 1*(-11 + -1)*a?
2
Let h = 9 - 9. What is the units digit of 104/(-16)*(h + -4)?
6
Let c(w) = 42*w**2 + 14*w + 2. What is the tens digit of c(3)?
2
Suppose -2*o - 16 = -3*o. Suppose -2*r + 47 = m, 0 = r - 0*r - m - o. What is the units digit of r?
1
Suppose 5*r - 3*r = 0. Suppose r = 3*k - 0*k - y - 15, -4*k = 5*y - 1. What is the units digit of k?
4
Let f(k) = k**3 + 3*k**2 - 7*k - 4. What is the hundreds digit of f(6)?
2
What is the hundreds digit of (-308)/7*(475/(-20) + -1)?
0
Let v be 39/24*-2 + 9/(-12). What is the hundreds digit of v - -139*2/(-4)*-2?
1
Let t(h) = 8*h**2 - 7*h - 14. Let z be t(7). What is the hundreds digit of z/2 - (-1)/(-2)?
1
Suppose -57*w = -55*w + 6. What is the units digit of (-66)/w + 0 + -3 + 6?
5
Let h = 7 - 9. Let z be (-111)/(-1 + (0 - h)). Let t = z - -177. What is the tens digit of t?
6
Let b(m) = -m**3 - 6*m**2 - 7*m + 1. Let t be b(-4). What is the tens digit of 12/t - (-3 + -16)?
1
Let p = 922 + -303. What is the tens digit of p?
1
Suppose a = 5*k + 950, 2*a - 4*k - 472 = 1440. What is the units digit of a?
0
Let l = 25 + -16. Let j(o) = -o - o + 1 - l + 5*o. What is the units digit of j(6)?
0
Suppose 0 = -5*f + 3*x + 1032 + 4785, -3*x = 12. What is the thousands digit of f?
1
Let j(s) = -3*s**3 + 6*s**2 - 17*s - 4. What is the tens digit of j(-6)?
6
Suppose 2 = -3*i + 20. Suppose r - 3*r + i = 0. What is the tens digit of (-26)/((r + -4)*1)?
2
Let g = 618 + 1765. What is the thousands digit of g?
2
Let t(o) = 167*o - 104. What is the units digit of t(4)?
4
Let v = -3607 - -5053. What is the units digit of v?
6
Let g be 0/(-6 - -1) + -1. Let t be (5 - (3 + g)) + 0. Let b = t + 10. What is the tens digit of b?
1
Let g be 2*4 + 7 + -11. Suppose -z + 5 = 0, -11 = 2*x - g*z + 3. What is the tens digit of (-32)/x*6/(-4)?
1
Let l be -10*(17/(-5) - -3). Suppose -477 = 4*x + n + l*n, 4*n + 133 = -x. Let w = x